it of 108031804?
0
What is the ten millions digit of 230263888?
3
What is the hundred thousands digit of 665675863?
6
What is the units digit of 4140277859?
9
What is the ten thousands digit of 541286233?
8
What is the ten thousands digit of 73606912?
0
What is the millions digit of 16563659?
6
What is the hundreds digit of 37935904?
9
What is the units digit of 120363329?
9
What is the hundred thousands digit of 436376026?
3
What is the ten millions digit of 672285316?
7
What is the hundreds digit of 6139838524?
5
What is the millions digit of 31178253?
1
What is the tens digit of 22549263?
6
What is the ten millions digit of 78489616?
7
What is the units digit of 95031314?
4
What is the millions digit of 290244748?
0
What is the hundreds digit of 32494382?
3
What is the tens digit of 1864875581?
8
What is the hundreds digit of 1124640375?
3
What is the billions digit of 4438729695?
4
What is the thousands digit of 1421815378?
5
What is the millions digit of 367451367?
7
What is the hundred thousands digit of 1134093836?
0
What is the hundred thousands digit of 7402946?
4
What is the hundreds digit of 70466933?
9
What is the ten thousands digit of 282681410?
8
What is the thousands digit of 162991314?
1
What is the units digit of 64520228?
8
What is the hundred millions digit of 156068120?
1
What is the thousands digit of 2065151?
5
What is the hundred thousands digit of 36223913?
2
What is the millions digit of 1153932523?
3
What is the hundreds digit of 1238038086?
0
What is the ten millions digit of 807239971?
0
What is the hundreds digit of 244170061?
0
What is the units digit of 97522547?
7
What is the hundreds digit of 349195575?
5
What is the thousands digit of 92401593?
1
What is the thousands digit of 19993995?
3
What is the hundreds digit of 44859254?
2
What is the ten millions digit of 380972250?
8
What is the hundred thousands digit of 154668579?
6
What is the units digit of 857141957?
7
What is the thousands digit of 63578925?
8
What is the tens digit of 390436914?
1
What is the billions digit of 5394653148?
5
What is the thousands digit of 66239250?
9
What is the hundred millions digit of 2111540612?
1
What is the ten millions digit of 1889334046?
8
What is the hundred thousands digit of 3411649818?
6
What is the ten millions digit of 81892764?
8
What is the ten thousands digit of 3465032524?
3
What is the hundred thousands digit of 38450102?
4
What is the hundred millions digit of 353699713?
3
What is the hundred thousands digit of 40018542?
0
What is the ten millions digit of 541632407?
4
What is the ten millions digit of 250296567?
5
What is the thousands digit of 1157791134?
1
What is the thousands digit of 76695643?
5
What is the units digit of 1134538972?
2
What is the units digit of 56994486?
6
What is the hundred thousands digit of 2155477?
1
What is the thousands digit of 140586948?
6
What is the units digit of 69086529?
9
What is the hundreds digit of 761487402?
4
What is the thousands digit of 78868413?
8
What is the units digit of 5650797739?
9
What is the tens digit of 3587105862?
6
What is the ten thousands digit of 4586703660?
0
What is the hundred thousands digit of 774351770?
3
What is the hundred thousands digit of 5966446?
9
What is the tens digit of 867794454?
5
What is the thousands digit of 7201760?
1
What is the hundred millions digit of 102117309?
1
What is the billions digit of 1406350134?
1
What is the ten thousands digit of 55360653?
6
What is the tens digit of 361838603?
0
What is the millions digit of 206430103?
6
What is the tens digit of 56735698?
9
What is the tens digit of 6097094472?
7
What is the hundred thousands digit of 101967363?
9
What is the units digit of 1815329375?
5
What is the hundreds digit of 1483528377?
3
What is the ten thousands digit of 1545167653?
6
What is the units digit of 180543066?
6
What is the units digit of 559244866?
6
What is the thousands digit of 243992243?
2
What is the tens digit of 198748076?
7
What is the tens digit of 108611482?
8
What is the units digit of 769522923?
3
What is the thousands digit of 4248097436?
7
What is the hundred thousands digit of 203082216?
0
What is the hundred thousands digit of 196941957?
9
What is the hundred millions digit of 422610894?
4
What is the millions digit of 348014159?
8
What is the hundred thousands digit of 1866829433?
8
What is the millions digit of 176102069?
6
What is the billions digit of 7317332008?
7
What is the tens digit of 45398703?
0
What is the hundreds digit of 407269948?
9
What is the ten thousands digit of 263572586?
7
What is the ten millions digit of 312537110?
1
What is the hundreds digit of 56284773?
7
What is the hundred millions digit of 1755796153?
7
What is the millions digit of 57892263?
7
What is the ten thousands digit of 10727821?
2
What is the billions digit of 1423778799?
1
What is the ten thousands digit of 1312539255?
3
What is the units digit of 3518586947?
7
What is the hundred millions digit of 831707620?
8
What is the hundred thousands digit of 60718106?
7
What is the hundred thousands digit of 270700805?
7
What is the ten millions digit of 59178335?
5
What is the units digit of 7922865985?
5
What is the ten thousands digit of 218482175?
8
What is the units digit of 170798037?
7
What is the hundred millions digit of 4120039325?
1
What is the ten thousands digit of 1138018522?
1
What is the hundreds digit of 314757342?
3
What is the tens digit of 39140427?
2
What is the hundreds digit of 460159332?
3
What is the thousands digit of 11834966?
4
What is the tens digit of 2752323719?
1
What is the hundreds digit of 340719353?
3
What is the thousands digit of 1594781251?
1
What is the hundreds digit of 198437072?
0
What is the hundreds digit of 646846527?
5
What is the tens digit of 2464644195?
9
What is the ten thousands digit of 627069602?
6
What is the tens digit of 42511505?
0
What is the hundred millions digit of 4876010332?
8
What is the units digit of 45548347?
7
What is the hundreds digit of 36529644?
6
What is the hundreds digit of 1729961142?
1
What is the thousands digit of 714733200?
3
What is the units digit of 36262318?
8
What is the hundred thousands digit of 688784117?
7
What is the hundreds digit of 52448876?
8
What is the millions digit of 461414168?
1
What is the units digit of 24464491?
1
What is the billions digit of 2692886700?
2
What is the hundred millions digit of 276212413?
2
What is the ten millions digit of 167710061?
6
What is the tens digit of 609064057?
5
What is the hundred thousands digit of 277310693?
3
What is the tens digit of 705652756?
5
What is the ten millions digit of 121481623?
2
What is the thousands digit of 28945433?
5
What is the hundred thousands digit of 1134817?
1
What is the hundred millions digit of 7807810638?
8
What is the hundreds digit of 1504336?
3
What is the tens digit of 2687945?
4
What is the thousands digit of 85328056?
8
What is the thousands digit of 1849266888?
6
What is the thousands digit of 765119832?
9
What is the ten thousands digit of 65958455?
5
What is the ten thousands digit of 359310496?
1
What is the hundred thousands digit of 897043481?
0
What is the tens digit of 10158287?
8
What is the thousands digit of 660297467?
7
What is the ten millions digit of 527904576?
2
What is the hundred thousands digit of 55663634?
6
What is the hundred millions digit of 100998023?
1
What is the hundreds digit of 68824392?
3
What is the tens digit of 1500358729?
2
What is the units digit of 1652465523?
3
What is the billions digit of 1780565236?
1
What is the hundred thousands digit of 2245967362?
9
What is the hundreds digit of 933109658?
6
What is the hundreds digit of 3878386088?
0
What is the tens digit of 845998658?
5
What is the hundred millions digit of 1628920685?
6
What is the hundred thousands digit of 462181075?
1
What is the hundreds digit of 1812702243?
2
What is the hundreds digit of 1363156725?
7
What is the millions digit of 173859731?
3
What is the hundred thousands digit of 281842467?
8
What is the thousands digit of 30404061?
4
What is the units digit of 135932949?
9
What is the hundred thousands digit of 812794720?
7
What is the units digit of 20587941?
1
What is the millions digit of 17358950?
7
What is the unit